{"id":40440,"date":"2025-07-18T13:19:05","date_gmt":"2025-07-18T11:19:05","guid":{"rendered":"https:\/\/online.colop.ro\/?post_type=product&#038;p=40440"},"modified":"2025-07-31T22:12:24","modified_gmt":"2025-07-31T20:12:24","slug":"bratari-marky-sos","status":"publish","type":"product","link":"https:\/\/newonline.colop.ro\/?product=bratari-marky-sos","title":{"rendered":"Br\u0103\u021b\u0103ri Marky SOS"},"content":{"rendered":"<p>Con\u021bine 20 de br\u0103\u021b\u0103ri de siguran\u021b\u0103 SOS \u00een 10 modele diferite \u0219i 1 liner permanent (l\u0103\u021bime linie 0,3 mm) pentru etichetare u\u0219oar\u0103 cu date de contact importante.<\/p>\n<p>Br\u0103\u021b\u0103rile sunt impermeabile \u0219i rezistente la UV, astfel \u00eenc\u00e2t acestea rezist\u0103 \u0219i \u00een timpul activit\u0103\u021bilor \u00een aer liber.<\/p>\n<p>Permite identificarea u\u0219oar\u0103 \u00een cazul \u00een care copilul dumneavoastr\u0103 se pierde \u0219i asigur\u0103 o siguran\u021b\u0103 sporit\u0103 \u00een via\u021ba de zi cu zi.<\/p>\n<p>Datorit\u0103 suprafe\u021bei u\u0219or de scris, br\u0103\u021b\u0103rile pot fi personalizate rapid \u0219i u\u0219or cu markerul permanent inclus.<\/p>\n","protected":false},"excerpt":{"rendered":"<p>Con\u021bine 20 de br\u0103\u021b\u0103ri de siguran\u021b\u0103 SOS \u00een 10 modele diferite \u0219i 1 liner permanent (l\u0103\u021bime linie 0,3 mm) pentru etichetare u\u0219oar\u0103 cu date de contact importante. Br\u0103\u021b\u0103rile sunt impermeabile \u0219i rezistente la UV, astfel \u00eenc\u00e2t acestea rezist\u0103 \u0219i \u00een timpul activit\u0103\u021bilor \u00een aer liber. Permite identificarea u\u0219oar\u0103 \u00een cazul \u00een care copilul dumneavoastr\u0103 se<\/p>\n<div class=\"klb-readmore entry-button\"><a class=\"btn read-more\" href=\"https:\/\/newonline.colop.ro\/?product=bratari-marky-sos\">Afl\u0103 mai mult<\/a><\/div>\n","protected":false},"featured_media":40441,"template":"","meta":[],"product_cat":[571],"product_tag":[],"_links":{"self":[{"href":"https:\/\/newonline.colop.ro\/index.php?rest_route=\/wp\/v2\/product\/40440"}],"collection":[{"href":"https:\/\/newonline.colop.ro\/index.php?rest_route=\/wp\/v2\/product"}],"about":[{"href":"https:\/\/newonline.colop.ro\/index.php?rest_route=\/wp\/v2\/types\/product"}],"version-history":[{"count":1,"href":"https:\/\/newonline.colop.ro\/index.php?rest_route=\/wp\/v2\/product\/40440\/revisions"}],"predecessor-version":[{"id":40445,"href":"https:\/\/newonline.colop.ro\/index.php?rest_route=\/wp\/v2\/product\/40440\/revisions\/40445"}],"wp:featuredmedia":[{"embeddable":true,"href":"https:\/\/newonline.colop.ro\/index.php?rest_route=\/wp\/v2\/media\/40441"}],"wp:attachment":[{"href":"https:\/\/newonline.colop.ro\/index.php?rest_route=%2Fwp%2Fv2%2Fmedia&parent=40440"}],"wp:term":[{"taxonomy":"product_cat","embeddable":true,"href":"https:\/\/newonline.colop.ro\/index.php?rest_route=%2Fwp%2Fv2%2Fproduct_cat&post=40440"},{"taxonomy":"product_tag","embeddable":true,"href":"https:\/\/newonline.colop.ro\/index.php?rest_route=%2Fwp%2Fv2%2Fproduct_tag&post=40440"}],"curies":[{"name":"wp","href":"https:\/\/api.w.org\/{rel}","templated":true}]}}