{"id":39577,"date":"2024-11-19T10:25:51","date_gmt":"2024-11-19T08:25:51","guid":{"rendered":"https:\/\/online.colop.ro\/?post_type=product&#038;p=39577"},"modified":"2025-07-31T22:10:01","modified_gmt":"2025-07-31T20:10:01","slug":"ghidaj-panglici-e-mark-go","status":"publish","type":"product","link":"https:\/\/newonline.colop.ro\/?product=ghidaj-panglici-e-mark-go","title":{"rendered":"Ghidaj pentru panglici e-mark GO"},"content":{"rendered":"<table class=\"product-atributes-table\" border=\"0\" width=\"100%\">\n<tbody>\n<tr style=\"font-family: verdana\">\n<td>Ghidajul pentru panglici e-mark go este o unealt\u0103 versatil\u0103 pentru personalizarea panglicilor. Acesta este compatibil cu rolele de 10, 15 \u0219i 25 mm l\u0103\u021bime \u0219i a fost g\u00e2ndit pentru a fi folosit cu u\u0219urin\u021b\u0103 \u00eempreun\u0103 cu panglicile e-mark \u0219i rolele de etichete. Ghidajul e-mark go este fabricat \u00een Austria \u00een culoarea elegant\u0103 verde salvie \u0219i are dimensiunile compacte de 123 x 10 x 24 mm.<\/p>\n<p>Nu este compatibil cu dispozitivele e-mark \u0219i e-mark create.<\/p>\n<p>Urm\u0103re\u0219te videoclipul de mai jos pentru a afla cum po\u021bi folosi ghidajul pentru panglici e-mark go:<\/td>\n<\/tr>\n<tr>\n<td><\/td>\n<\/tr>\n<\/tbody>\n<\/table>\n","protected":false},"excerpt":{"rendered":"<ul>\n<li>Pentru panglicile de 10, 15 \u0219i 25 mm l\u0103\u021bime<\/li>\n<li>Perfect compatibil cu rolele de panglic\u0103 \u0219i etichete e-mark<\/li>\n<li>Culoare: verde salvie<\/li>\n<li>Dimensiuni: 123 x 10 x 54 mm<\/li>\n<li>Fabricat \u00een Austria<\/li>\n<li><strong>Nu este compatibil cu e-mark \u0219i e-mark create<\/strong><\/li>\n<\/ul>\n","protected":false},"featured_media":39583,"template":"","meta":[],"product_cat":[236],"product_tag":[],"_links":{"self":[{"href":"https:\/\/newonline.colop.ro\/index.php?rest_route=\/wp\/v2\/product\/39577"}],"collection":[{"href":"https:\/\/newonline.colop.ro\/index.php?rest_route=\/wp\/v2\/product"}],"about":[{"href":"https:\/\/newonline.colop.ro\/index.php?rest_route=\/wp\/v2\/types\/product"}],"version-history":[{"count":8,"href":"https:\/\/newonline.colop.ro\/index.php?rest_route=\/wp\/v2\/product\/39577\/revisions"}],"predecessor-version":[{"id":40512,"href":"https:\/\/newonline.colop.ro\/index.php?rest_route=\/wp\/v2\/product\/39577\/revisions\/40512"}],"wp:featuredmedia":[{"embeddable":true,"href":"https:\/\/newonline.colop.ro\/index.php?rest_route=\/wp\/v2\/media\/39583"}],"wp:attachment":[{"href":"https:\/\/newonline.colop.ro\/index.php?rest_route=%2Fwp%2Fv2%2Fmedia&parent=39577"}],"wp:term":[{"taxonomy":"product_cat","embeddable":true,"href":"https:\/\/newonline.colop.ro\/index.php?rest_route=%2Fwp%2Fv2%2Fproduct_cat&post=39577"},{"taxonomy":"product_tag","embeddable":true,"href":"https:\/\/newonline.colop.ro\/index.php?rest_route=%2Fwp%2Fv2%2Fproduct_tag&post=39577"}],"curies":[{"name":"wp","href":"https:\/\/api.w.org\/{rel}","templated":true}]}}