{"id":39558,"date":"2024-11-15T13:23:30","date_gmt":"2024-11-15T11:23:30","guid":{"rendered":"https:\/\/online.colop.ro\/?post_type=product&#038;p=39558"},"modified":"2025-07-31T22:10:04","modified_gmt":"2025-07-31T20:10:04","slug":"rigla-pentru-imprimanta-portabila-e-mark-go","status":"publish","type":"product","link":"https:\/\/newonline.colop.ro\/?product=rigla-pentru-imprimanta-portabila-e-mark-go","title":{"rendered":"Rigl\u0103 pentru imprimanta portabil\u0103 e-mark GO"},"content":{"rendered":"<table class=\"product-atributes-table\" border=\"0\" width=\"100%\">\n<tbody>\n<tr style=\"font-family: verdana\">\n<td>Rigla e-mark go \u00een culoarea \u201esalvie\u201d a fost dezvoltat\u0103 pentru precizie \u0219i u\u0219urin\u021b\u0103 \u00een timpul imprim\u0103rii. Av\u00e2nd dimensiunile 250 x 10 x 85 mm, aceast\u0103 rigl\u0103 este perfect compatibil\u0103 cu imprimanta portabil\u0103 emark go. Nu este compatibil\u0103 cu dispozitivele e-mark \u0219i e-mark create.<\/p>\n<p>Este fabricat\u0103 \u00een Austria \u0219i poate fi folosit\u0103 \u00eempreun\u0103 cu rolele de band\u0103 adeziv\u0103 \u0219i panglicile e-mark, cu br\u0103\u021b\u0103rile de evenimente, cardurile de semnalizare sau etichete.<\/p>\n<p>Aceast\u0103 rigl\u0103 este un ajutor perfect pentru pozi\u021bionarea precis\u0103 a imprimantei e-mark go \u0219i asigur\u0103 amprente perfect drepte, chiar \u0219i pe marginea diferitelor suprafe\u021be.<\/p>\n<p>Urm\u0103re\u0219te videoclipul de mai jos pentru a afla cum po\u021bi folosi rigla e-mark go:<\/td>\n<\/tr>\n<tr>\n<td><span data-mce-type=\"bookmark\" style=\"display: inline-block;width: 0px;overflow: hidden;line-height: 0\" class=\"mce_SELRES_start\">\ufeff<\/span><\/td>\n<\/tr>\n<\/tbody>\n<\/table>\n","protected":false},"excerpt":{"rendered":"<ul>\n<li>Culoare: verde salvie<\/li>\n<li>Dimensiuni: 250 x 10 x 85 mm<\/li>\n<li>Ideal\u0103 pentru rolele de band\u0103 adeziv\u0103, panglicile e-mark, br\u0103\u021b\u0103rile de evenimente, cardurile de semnalizare sau etichete<\/li>\n<li>Fabricat\u0103 \u00een Austria<\/li>\n<li><strong>Nu este compatibil\u0103 cu e-mark \u0219i e-mark create<\/strong><\/li>\n<\/ul>\n","protected":false},"featured_media":39560,"template":"","meta":[],"product_cat":[236],"product_tag":[],"_links":{"self":[{"href":"https:\/\/newonline.colop.ro\/index.php?rest_route=\/wp\/v2\/product\/39558"}],"collection":[{"href":"https:\/\/newonline.colop.ro\/index.php?rest_route=\/wp\/v2\/product"}],"about":[{"href":"https:\/\/newonline.colop.ro\/index.php?rest_route=\/wp\/v2\/types\/product"}],"version-history":[{"count":5,"href":"https:\/\/newonline.colop.ro\/index.php?rest_route=\/wp\/v2\/product\/39558\/revisions"}],"predecessor-version":[{"id":40513,"href":"https:\/\/newonline.colop.ro\/index.php?rest_route=\/wp\/v2\/product\/39558\/revisions\/40513"}],"wp:featuredmedia":[{"embeddable":true,"href":"https:\/\/newonline.colop.ro\/index.php?rest_route=\/wp\/v2\/media\/39560"}],"wp:attachment":[{"href":"https:\/\/newonline.colop.ro\/index.php?rest_route=%2Fwp%2Fv2%2Fmedia&parent=39558"}],"wp:term":[{"taxonomy":"product_cat","embeddable":true,"href":"https:\/\/newonline.colop.ro\/index.php?rest_route=%2Fwp%2Fv2%2Fproduct_cat&post=39558"},{"taxonomy":"product_tag","embeddable":true,"href":"https:\/\/newonline.colop.ro\/index.php?rest_route=%2Fwp%2Fv2%2Fproduct_tag&post=39558"}],"curies":[{"name":"wp","href":"https:\/\/api.w.org\/{rel}","templated":true}]}}