{"id":37129,"date":"2024-05-09T21:57:05","date_gmt":"2024-05-09T19:57:05","guid":{"rendered":"https:\/\/online.colop.ro\/web2023\/?post_type=product&#038;p=37129"},"modified":"2025-07-31T22:31:38","modified_gmt":"2025-07-31T20:31:38","slug":"reiner-940","status":"publish","type":"product","link":"https:\/\/newonline.colop.ro\/?product=reiner-940","title":{"rendered":"REINER 940"},"content":{"rendered":"<div class=\"detaileinleitungstext\">\n<p>Rapid \u0219i c\u00e2nt\u0103re\u0219te doar 530 g: REINER 940 este o imprimant\u0103 inkjet portabil\u0103 care marcheaz\u0103 produse \u0219i pachete c\u00e2t ai clipi.<\/p>\n<p>Bateria re\u00eenc\u0103rcabil\u0103 permite imprimare p\u00e2n\u0103 la\u00a0 1,000 de amprente pe \u00eenc\u0103rcare, f\u0103r\u0103 fir \u0219i independent de orice loca\u021bie. Aparatul stocheaz\u0103 p\u00e2n\u0103 la 4 amprente care pot fi schimbate cu u\u0219urint\u0103 cu ajutorul unei roti\u021be de setare. Marcarea se face prin glisarea aparatului pe suprafa\u021b\u0103 \u0219i este posibil\u0103 chiar \u0219i f\u0103r\u0103 contact.<\/p>\n<p>Capacul de protec\u021bie integrat previne uscarea cernelii chiar dac\u0103 aparatul nu este folosit o perioad\u0103 mai lung\u0103 de timp.<\/p>\n<\/div>\n<h2><\/h2>\n","protected":false},"excerpt":{"rendered":"<h3><span style=\"color: #ff0000;\"><strong>Aten\u021bie! Pre\u021bul nu include cartu\u0219ul.<\/strong><\/span><\/h3>\n<p>Acesta se achizi\u021bioneaz\u0103 separat, \u00een func\u021bie de suprafa\u021ba de utilizare.<\/p>\n<table class=\"product-atributes-table\" border=\"0\" width=\"100%\">\n<tbody>\n<tr>\n<td align=\"left\" valign=\"middle\"><\/td>\n<td align=\"right\" valign=\"middle\"><\/td>\n<\/tr>\n<tr>\n<td colspan=\"2\"><strong>Informa\u021bii produs<\/strong><\/td>\n<\/tr>\n<tr>\n<td align=\"left\" valign=\"middle\">Amprent\u0103:<\/td>\n<td align=\"right\" valign=\"middle\">Numere, dat\u0103, or\u0103, text, cod de bare, grafic\u0103<\/td>\n<\/tr>\n<tr>\n<td align=\"left\" valign=\"middle\">Imprim\u0103 de pe:<\/td>\n<td align=\"right\" valign=\"middle\">PCset graphic, MOBILEset graphic, Word, Excel, Labelsoftware, ERP ca SAP, Oracle, Microsoft Dynamics, Lexware<\/td>\n<\/tr>\n<tr>\n<td align=\"left\" valign=\"middle\">Dimensiuni(L x l X h):<\/td>\n<td align=\"right\" valign=\"middle\">47 x 147 x 221 mm<\/td>\n<\/tr>\n<tr>\n<td align=\"left\" valign=\"middle\">Greutate:<\/td>\n<td align=\"right\" valign=\"middle\">aprox. 530 g<\/td>\n<\/tr>\n<tr>\n<td align=\"left\" valign=\"middle\">Transfer date:<\/td>\n<td align=\"right\" valign=\"middle\">USB, Bluetooth<\/td>\n<\/tr>\n<tr>\n<td align=\"left\" valign=\"middle\">Memorie amprente:<\/td>\n<td align=\"right\" valign=\"middle\">4 amprent\u0103<\/td>\n<\/tr>\n<tr>\n<td align=\"left\" valign=\"middle\">Tehnologie:<\/td>\n<td align=\"right\" valign=\"middle\">Inkjet<\/td>\n<\/tr>\n<tr>\n<td align=\"left\" valign=\"middle\">Dimensiunea maxim\u0103 a amprentei:<\/td>\n<td align=\"right\" valign=\"middle\">140 x 12,7 mm<\/td>\n<\/tr>\n<tr>\n<td align=\"left\" valign=\"middle\">Viteza maxim\u0103 de imprimare:<\/td>\n<td align=\"right\" valign=\"middle\">400 mm\/s<\/td>\n<\/tr>\n<tr>\n<td align=\"left\" valign=\"middle\">Rezolutie:<\/td>\n<td align=\"right\" valign=\"middle\">300 dpi<\/td>\n<\/tr>\n<tr>\n<td align=\"left\" valign=\"middle\">Capacitate baterie:<\/td>\n<td align=\"right\" valign=\"middle\">Aprox. 1000 amprent\u0103ri<\/td>\n<\/tr>\n<tr>\n<td align=\"left\" valign=\"middle\"><\/td>\n<td align=\"right\" valign=\"middle\"><\/td>\n<\/tr>\n<\/tbody>\n<\/table>\n<p>&nbsp;<\/p>\n<p><img decoding=\"async\" class=\"alignnone size-full wp-image-17973\" src=\"https:\/\/online.colop.ro\/wp-content\/uploads\/2020\/09\/REINER_940_Nr1.jpg-12693.jpg\" alt=\"\" width=\"283\" height=\"36\" \/><\/p>\n","protected":false},"featured_media":37152,"template":"","meta":[],"product_cat":[314,98,235],"product_tag":[],"_links":{"self":[{"href":"https:\/\/newonline.colop.ro\/index.php?rest_route=\/wp\/v2\/product\/37129"}],"collection":[{"href":"https:\/\/newonline.colop.ro\/index.php?rest_route=\/wp\/v2\/product"}],"about":[{"href":"https:\/\/newonline.colop.ro\/index.php?rest_route=\/wp\/v2\/types\/product"}],"version-history":[{"count":3,"href":"https:\/\/newonline.colop.ro\/index.php?rest_route=\/wp\/v2\/product\/37129\/revisions"}],"predecessor-version":[{"id":40069,"href":"https:\/\/newonline.colop.ro\/index.php?rest_route=\/wp\/v2\/product\/37129\/revisions\/40069"}],"wp:featuredmedia":[{"embeddable":true,"href":"https:\/\/newonline.colop.ro\/index.php?rest_route=\/wp\/v2\/media\/37152"}],"wp:attachment":[{"href":"https:\/\/newonline.colop.ro\/index.php?rest_route=%2Fwp%2Fv2%2Fmedia&parent=37129"}],"wp:term":[{"taxonomy":"product_cat","embeddable":true,"href":"https:\/\/newonline.colop.ro\/index.php?rest_route=%2Fwp%2Fv2%2Fproduct_cat&post=37129"},{"taxonomy":"product_tag","embeddable":true,"href":"https:\/\/newonline.colop.ro\/index.php?rest_route=%2Fwp%2Fv2%2Fproduct_tag&post=37129"}],"curies":[{"name":"wp","href":"https:\/\/api.w.org\/{rel}","templated":true}]}}