{"id":37003,"date":"2024-05-09T21:55:30","date_gmt":"2024-05-09T19:55:30","guid":{"rendered":"https:\/\/online.colop.ro\/web2023\/?post_type=product&#038;p=37003"},"modified":"2025-07-31T22:30:32","modified_gmt":"2025-07-31T20:30:32","slug":"pix-heri-silver-effect-3107","status":"publish","type":"product","link":"https:\/\/newonline.colop.ro\/?product=pix-heri-silver-effect-3107","title":{"rendered":"Pix Heri Silver Effect 3107"},"content":{"rendered":"<div class=\"\">\n<div class=\"description\">\n<p>Pixurile Heri cu efect argintat \u201cSilver Effect\u201c pot fi personalizate prin gravur\u0103 laser. Dup\u0103 laserizare marcarea r\u0103m\u00e2ne lucioas\u0103 \u0219i str\u0103lucitoare, spre deosebire de suprafa\u021ba mat\u0103 a gravurii pixurilor obi\u0219nuite din aluminiu eloxat.<\/p>\n<\/div>\n<\/div>\n","protected":false},"excerpt":{"rendered":"<table class=\"product-atributes-table\" border=\"0\" width=\"100%\">\n<tbody>\n<tr>\n<td align=\"left\" valign=\"middle\"><\/td>\n<td align=\"right\" valign=\"middle\"><\/td>\n<\/tr>\n<tr>\n<td colspan=\"2\"><strong>Informa\u021bii produs<\/strong><\/td>\n<\/tr>\n<tr>\n<td align=\"left\" valign=\"middle\">Dimensiune amprent\u0103:<\/td>\n<td align=\"right\" valign=\"middle\">33 x 8 mm<\/td>\n<\/tr>\n<tr>\n<td align=\"left\" valign=\"middle\"><span class=\"product-attributes-text\">Num\u0103r de linii:<\/span><\/td>\n<td align=\"right\" valign=\"middle\">3<\/td>\n<\/tr>\n<tr>\n<td align=\"left\" valign=\"middle\"><\/td>\n<td align=\"right\" valign=\"middle\"><\/td>\n<\/tr>\n<\/tbody>\n<\/table>\n<p>&nbsp;<\/p>\n<p><img decoding=\"async\" class=\"alignnone size-full wp-image-17507\" src=\"https:\/\/online.colop.ro\/wp-content\/uploads\/2020\/09\/imprints_stamp_writer.jpg\" alt=\"\" width=\"130\" height=\"31\" \/><\/p>\n<p>&nbsp;<\/p>\n<p><a class=\"single_add_to_cart_button button alt\" href=\"https:\/\/online.colop.ro\/produse\/heri\/styling\/heri-821.html\" target=\"_blank\" rel=\"noopener noreferrer\"><strong>Cump\u0103r\u0103 online<\/strong><\/a><\/p>\n","protected":false},"featured_media":37064,"template":"","meta":[],"product_cat":[401,230],"product_tag":[],"_links":{"self":[{"href":"https:\/\/newonline.colop.ro\/index.php?rest_route=\/wp\/v2\/product\/37003"}],"collection":[{"href":"https:\/\/newonline.colop.ro\/index.php?rest_route=\/wp\/v2\/product"}],"about":[{"href":"https:\/\/newonline.colop.ro\/index.php?rest_route=\/wp\/v2\/types\/product"}],"version-history":[{"count":1,"href":"https:\/\/newonline.colop.ro\/index.php?rest_route=\/wp\/v2\/product\/37003\/revisions"}],"predecessor-version":[{"id":40093,"href":"https:\/\/newonline.colop.ro\/index.php?rest_route=\/wp\/v2\/product\/37003\/revisions\/40093"}],"wp:featuredmedia":[{"embeddable":true,"href":"https:\/\/newonline.colop.ro\/index.php?rest_route=\/wp\/v2\/media\/37064"}],"wp:attachment":[{"href":"https:\/\/newonline.colop.ro\/index.php?rest_route=%2Fwp%2Fv2%2Fmedia&parent=37003"}],"wp:term":[{"taxonomy":"product_cat","embeddable":true,"href":"https:\/\/newonline.colop.ro\/index.php?rest_route=%2Fwp%2Fv2%2Fproduct_cat&post=37003"},{"taxonomy":"product_tag","embeddable":true,"href":"https:\/\/newonline.colop.ro\/index.php?rest_route=%2Fwp%2Fv2%2Fproduct_tag&post=37003"}],"curies":[{"name":"wp","href":"https:\/\/api.w.org\/{rel}","templated":true}]}}