{"id":36898,"date":"2024-05-09T21:53:26","date_gmt":"2024-05-09T19:53:26","guid":{"rendered":"https:\/\/online.colop.ro\/web2023\/?post_type=product&#038;p=36898"},"modified":"2025-07-31T22:29:58","modified_gmt":"2025-07-31T20:29:58","slug":"statie-pentru-panglici-colop-e-mark","status":"publish","type":"product","link":"https:\/\/newonline.colop.ro\/?product=statie-pentru-panglici-colop-e-mark","title":{"rendered":"Sta\u021bie pentru panglici COLOP e-mark"},"content":{"rendered":"<p>\u0218ta\u021bia pentru panglici este un sistem de printare \u00een serie, care permite imprimarea u\u0219oar\u0103 \u0219i rapid\u0103 a unei role \u00eentregi de panglic\u0103 sau a unui num\u0103r dorit de etichete. Pentru rezultate optime, sta\u021bia este folosit\u0103 \u00eempreun\u0103 cu panglicile \u0219i rolele e etichete COLOP e-mark. <strong>Acest accesoriu este compatibil doar cu COLOP e-mark \u0219i aplica\u021bia e-mark.<\/strong><\/p>\n","protected":false},"excerpt":{"rendered":"<h2>Caracteristici produs<\/h2>\n<ul>\n<li>Realizat din lemn de fag de \u00eenalt\u0103 calitate, certificat FSC<\/li>\n<li>Ghidajele de 10, 15 \u0219i 25 mm sunt incluse<\/li>\n<li>Dimensiuni: 150 x 400 x 119,5 mm<\/li>\n<li>Propria categorie de modele \u00een aplica\u021bia e-mark<\/li>\n<li><strong>Acest accesoriu este compatibil doar cu COLOP e-mark \u0219i aplica\u021bia e-mark.<\/strong><\/li>\n<\/ul>\n<p>&nbsp;<\/p>\n<p>&nbsp;<\/p>\n","protected":false},"featured_media":36928,"template":"","meta":[],"product_cat":[234,236],"product_tag":[],"_links":{"self":[{"href":"https:\/\/newonline.colop.ro\/index.php?rest_route=\/wp\/v2\/product\/36898"}],"collection":[{"href":"https:\/\/newonline.colop.ro\/index.php?rest_route=\/wp\/v2\/product"}],"about":[{"href":"https:\/\/newonline.colop.ro\/index.php?rest_route=\/wp\/v2\/types\/product"}],"version-history":[{"count":1,"href":"https:\/\/newonline.colop.ro\/index.php?rest_route=\/wp\/v2\/product\/36898\/revisions"}],"predecessor-version":[{"id":39645,"href":"https:\/\/newonline.colop.ro\/index.php?rest_route=\/wp\/v2\/product\/36898\/revisions\/39645"}],"wp:featuredmedia":[{"embeddable":true,"href":"https:\/\/newonline.colop.ro\/index.php?rest_route=\/wp\/v2\/media\/36928"}],"wp:attachment":[{"href":"https:\/\/newonline.colop.ro\/index.php?rest_route=%2Fwp%2Fv2%2Fmedia&parent=36898"}],"wp:term":[{"taxonomy":"product_cat","embeddable":true,"href":"https:\/\/newonline.colop.ro\/index.php?rest_route=%2Fwp%2Fv2%2Fproduct_cat&post=36898"},{"taxonomy":"product_tag","embeddable":true,"href":"https:\/\/newonline.colop.ro\/index.php?rest_route=%2Fwp%2Fv2%2Fproduct_tag&post=36898"}],"curies":[{"name":"wp","href":"https:\/\/api.w.org\/{rel}","templated":true}]}}