{"id":36875,"date":"2024-05-09T21:53:01","date_gmt":"2024-05-09T19:53:01","guid":{"rendered":"https:\/\/online.colop.ro\/web2023\/?post_type=product&#038;p=36875"},"modified":"2025-07-31T22:21:33","modified_gmt":"2025-07-31T20:21:33","slug":"cartus-de-rezerva-colop-e-mark-uv","status":"publish","type":"product","link":"https:\/\/newonline.colop.ro\/?product=cartus-de-rezerva-colop-e-mark-uv","title":{"rendered":"Cartu\u0219 de rezerv\u0103 COLOP E-mark &#8211; UV"},"content":{"rendered":"<table class=\"product-atributes-table\" border=\"0\" width=\"100%\">\n<tbody>\n<tr style=\"font-family: verdana\">\n<td>Cartu\u0219ul tricolor revolu\u021bionar C2 este fabricat cu aten\u021bie pentru o experien\u021b\u0103 de printare mobil\u0103 irepro\u0219abil\u0103. Proiectat cu precizie, acest cartu\u0219 con\u021bine o cerneal\u0103 cu o formula special\u0103, care asigur\u0103 imprim\u0103ri luminoase \u0219i calitative, garant\u00e2nd rezultate impresionante \u00eenc\u0103 de la prima amprent\u0103.<\/p>\n<p>Indiferent c\u0103 este folosit frecvent sau mai rar, cartu\u0219ul C2 este g\u00e2ndit pentru a func\u021biona optim, oferind imprim\u0103ri precise \u0219i vibrante la fiecare utilizare.<\/p>\n<h4>Pe ce suprafe\u021be poate fi folosit?<\/h4>\n<p>Cerneala pe baz\u0103 de ap\u0103 ofer\u0103 o varietate de posibilit\u0103\u021bi \u0219i \u00ee\u021bi permite s\u0103 imprimi pe o multitudine de suprafe\u021be absorbante. De la h\u00e2rtie \u0219i carton la textile \u0219i lemn, cartu\u0219ul UV se adapteaz\u0103 f\u0103r\u0103 efort, ceea ce \u00eel face o alegere versatile pentru toate printurile tale. Compatibilitatea cu aproape toate materiale absorbante asigur\u0103 experiente creative f\u0103r\u0103 limite.<\/p>\n<p>\u00a0<\/p>\n<p><strong>La ce po\u021bi folosi cartu\u0219ul cu cerneal\u0103 UV?<\/strong><\/p>\n<p>Cartu\u0219ul UV COLOP e-mark aduce versatilitate \u00een aplica\u021biile sale, fiind util at\u00e2t pentru Securitate \u0219i prevenirea falsific\u0103rilor, c\u00e2t \u0219i pentru proiecte artistice \u0219i creative. Iat\u0103 c\u00e2teva idei de utilizare:<\/p>\n<ol>\n<li><strong>Documente importante<\/strong> \u2013 Aplicarea de marcaje UV pe documente confiden\u021biale sau acte oficiale, care s\u0103 fie vizibile doar la verific\u0103ri UV, pentru a preveni falsificarea<\/li>\n<li><strong>Controlul accesului la evenimente<\/strong> \u2013 Pute\u021bi ad\u0103uga un cod unic sau un element distinctiv pe br\u0103\u021b\u0103rile sau ecusoanele de acces la evenimente pentru a identifica persoanele cu acces \u00een zona VIP.<\/li>\n<li><strong>Design grafic \u0219i ilustra\u021bii<\/strong> &#8211; Cerneala UV adaug\u0103 o not\u0103 de mister ilutra\u021biilor sau proiectelor grafice, care devin vizibile doar \u00een lumina UV, oferind o experien\u021b\u0103 unic\u0103 privitorilor.<\/li>\n<li><strong>Evenimente speciale<\/strong> \u2013 LA petreceri tematice sau expozi\u021bii, cerneala UV poate fi folosit\u0103 pentru decoruri speciale, mesaje ascunse sau efecte vizuale interactive.<\/li>\n<\/ol>\n<p>\u00a0<\/p>\n<h4>\u00cenlocuire rapid\u0103 \u0219i f\u0103r\u0103 efort<\/h4>\n<p>Indiferent c\u0103 folose\u0219ti e-mark, emark create sau e-mark go, sistemul e-mark permite schimbarea rapid\u0103 a cartu\u0219ului, astfel \u00eenc\u00e2t tu s\u0103 \u00ee\u021bi po\u021bi continua activitatea.<\/p>\n<p>Urm\u0103re\u0219te videoclipurile de mai jos pentru a vedea c\u00e2t este de simplu s\u0103 \u00eenlocuie\u0219ti cartu\u0219ul dispozitivelor COLOP e-mark:<\/td>\n<\/tr>\n<tr>\n<td><\/td>\n<\/tr>\n<tr>\n<td><span data-mce-type=\"bookmark\" style=\"display: inline-block;width: 0px;overflow: hidden;line-height: 0\" class=\"mce_SELRES_start\">\ufeff<\/span><\/td>\n<\/tr>\n<\/tbody>\n<\/table>\n","protected":false},"excerpt":{"rendered":"<ul>\n<li>Cerneal\u0103 UV<\/li>\n<li>Imprim\u0103rile devin vizibile doar sub lumina UV<\/li>\n<li>P\u00e2n\u0103 la 5000 imprim\u0103ri<\/li>\n<li>Cu protec\u021bie din silicon pentru capul de imprimare<\/li>\n<li>A se consuma \u00een maximum 3 luni de la deschidere<\/li>\n<\/ul>\n","protected":false},"featured_media":36895,"template":"","meta":[],"product_cat":[236,98],"product_tag":[],"_links":{"self":[{"href":"https:\/\/newonline.colop.ro\/index.php?rest_route=\/wp\/v2\/product\/36875"}],"collection":[{"href":"https:\/\/newonline.colop.ro\/index.php?rest_route=\/wp\/v2\/product"}],"about":[{"href":"https:\/\/newonline.colop.ro\/index.php?rest_route=\/wp\/v2\/types\/product"}],"version-history":[{"count":4,"href":"https:\/\/newonline.colop.ro\/index.php?rest_route=\/wp\/v2\/product\/36875\/revisions"}],"predecessor-version":[{"id":40778,"href":"https:\/\/newonline.colop.ro\/index.php?rest_route=\/wp\/v2\/product\/36875\/revisions\/40778"}],"wp:featuredmedia":[{"embeddable":true,"href":"https:\/\/newonline.colop.ro\/index.php?rest_route=\/wp\/v2\/media\/36895"}],"wp:attachment":[{"href":"https:\/\/newonline.colop.ro\/index.php?rest_route=%2Fwp%2Fv2%2Fmedia&parent=36875"}],"wp:term":[{"taxonomy":"product_cat","embeddable":true,"href":"https:\/\/newonline.colop.ro\/index.php?rest_route=%2Fwp%2Fv2%2Fproduct_cat&post=36875"},{"taxonomy":"product_tag","embeddable":true,"href":"https:\/\/newonline.colop.ro\/index.php?rest_route=%2Fwp%2Fv2%2Fproduct_tag&post=36875"}],"curies":[{"name":"wp","href":"https:\/\/api.w.org\/{rel}","templated":true}]}}