{"id":36848,"date":"2024-05-09T21:52:38","date_gmt":"2024-05-09T19:52:38","guid":{"rendered":"https:\/\/online.colop.ro\/web2023\/?post_type=product&#038;p=36848"},"modified":"2025-07-31T22:21:30","modified_gmt":"2025-07-31T20:21:30","slug":"stampila-swing-200-260","status":"publish","type":"product","link":"https:\/\/newonline.colop.ro\/?product=stampila-swing-200-260","title":{"rendered":"\u0218tampil\u0103 Swing 200\/260"},"content":{"rendered":"<p>\u0218tampila Swing este o \u0219tampil\u0103 de tip b\u0103rcu\u021b\u0103 de \u00eenalt\u0103 calitate, fiind realizat\u0103 \u00een totalitate din metal \u0219i reprezint\u0103 o alternativ\u0103 ingenioas\u0103 la \u0219tampilele tradi\u021bionale din lemn.<\/p>\n<p>\u0218tampila Swing are un sistem unic. Spre deosebire de \u0219tampilele tradi\u021bionale din lemn, Swing este compus\u0103 din dou\u0103 p\u0103r\u021bi &#8211; m\u00e2nerul \u0219i platanul metalic. Acest design \u00ee\u021bi permite s\u0103 folose\u0219ti acela\u0219i m\u00e2ner \u0219i doar s\u0103 schimbi mai multe platane, cu amprente diferite, fiind o solu\u021bie care te ajut\u0103 s\u0103 economise\u0219ti spa\u021biu \u0219i bani.<\/p>\n","protected":false},"excerpt":{"rendered":"<p>\u0218tampila Swing este o \u0219tampil\u0103 de tip b\u0103rcu\u021b\u0103 de \u00eenalt\u0103 calitate, fiind realizat\u0103 \u00een totalitate din metal \u0219i reprezint\u0103 o alternativ\u0103 ingenioas\u0103 la \u0219tampilele tradi\u021bionale din lemn. \u0218tampila Swing are un sistem unic. Spre deosebire de \u0219tampilele tradi\u021bionale din lemn, Swing este compus\u0103 din dou\u0103 p\u0103r\u021bi &#8211; m\u00e2nerul \u0219i platanul metalic. Acest design \u00ee\u021bi permite<\/p>\n<div class=\"klb-readmore entry-button\"><a class=\"btn read-more\" href=\"https:\/\/newonline.colop.ro\/?product=stampila-swing-200-260\">Afl\u0103 mai mult<\/a><\/div>\n","protected":false},"featured_media":36879,"template":"","meta":[],"product_cat":[304],"product_tag":[],"_links":{"self":[{"href":"https:\/\/newonline.colop.ro\/index.php?rest_route=\/wp\/v2\/product\/36848"}],"collection":[{"href":"https:\/\/newonline.colop.ro\/index.php?rest_route=\/wp\/v2\/product"}],"about":[{"href":"https:\/\/newonline.colop.ro\/index.php?rest_route=\/wp\/v2\/types\/product"}],"version-history":[{"count":1,"href":"https:\/\/newonline.colop.ro\/index.php?rest_route=\/wp\/v2\/product\/36848\/revisions"}],"predecessor-version":[{"id":40773,"href":"https:\/\/newonline.colop.ro\/index.php?rest_route=\/wp\/v2\/product\/36848\/revisions\/40773"}],"wp:featuredmedia":[{"embeddable":true,"href":"https:\/\/newonline.colop.ro\/index.php?rest_route=\/wp\/v2\/media\/36879"}],"wp:attachment":[{"href":"https:\/\/newonline.colop.ro\/index.php?rest_route=%2Fwp%2Fv2%2Fmedia&parent=36848"}],"wp:term":[{"taxonomy":"product_cat","embeddable":true,"href":"https:\/\/newonline.colop.ro\/index.php?rest_route=%2Fwp%2Fv2%2Fproduct_cat&post=36848"},{"taxonomy":"product_tag","embeddable":true,"href":"https:\/\/newonline.colop.ro\/index.php?rest_route=%2Fwp%2Fv2%2Fproduct_tag&post=36848"}],"curies":[{"name":"wp","href":"https:\/\/api.w.org\/{rel}","templated":true}]}}