{"id":36817,"date":"2024-05-09T21:52:11","date_gmt":"2024-05-09T19:52:11","guid":{"rendered":"https:\/\/online.colop.ro\/web2023\/?post_type=product&#038;p=36817"},"modified":"2025-07-31T22:21:19","modified_gmt":"2025-07-31T20:21:19","slug":"datiera-numarator-cu-placuta-de-text-reiner-dn53a","status":"publish","type":"product","link":"https:\/\/newonline.colop.ro\/?product=datiera-numarator-cu-placuta-de-text-reiner-dn53a","title":{"rendered":"Datier\u0103-num\u0103r\u0103tor cu pl\u0103cu\u021b\u0103 de text REINER DN53a"},"content":{"rendered":"<p>Datiera- num\u0103r\u0103tor de mari dimensiuni DN53a cu pl\u0103cu\u021b\u0103 de text poate fi ac\u021bionat\u0103 foarte u\u0219or, \u00een ciuda tehnologiei complexe. Pl\u0103cu\u021ba de text din cupru poate fi personalizat\u0103 conform cerin\u021belor individuale cu mai multe linii de text. \u0218tampila integreaz\u0103 un mecanism autotu\u0219ant.<\/p>\n<p>Carcasa \u0219i benzile sunt realizate din zinc turnat de \u00eenalt\u0103 calitate. Toate componentele sunt produse \u0219i asamblate \u00een Germania.<\/p>\n<ul class=\"technicaldatadetailliste1\">\n<li>pentru birouri<\/li>\n<li>u\u0219or de utilizat<\/li>\n<li>data \u00een st\u00e2nga sau \u00een dreapta<\/li>\n<li>tu\u0219ier\u0103 integrat\u0103<\/li>\n<\/ul>\n","protected":false},"excerpt":{"rendered":"<table class=\"product-atributes-table\" border=\"0\" width=\"100%\">\n<tbody>\n<tr>\n<td align=\"left\" valign=\"middle\"><\/td>\n<td align=\"right\" valign=\"middle\"><\/td>\n<\/tr>\n<tr>\n<td colspan=\"2\"><strong>Informa\u021bii produs<\/strong><\/td>\n<\/tr>\n<tr>\n<td align=\"left\" valign=\"middle\">Amprent\u0103:<\/td>\n<td align=\"right\" valign=\"middle\">Cifre, Dat\u0103, Text<\/td>\n<\/tr>\n<tr>\n<td align=\"left\" valign=\"middle\"><span class=\"product-attributes-text\">Ac\u021biune automat\u0103:<\/span><\/td>\n<td align=\"right\" valign=\"middle\">Repet\u0103ri 0x, 1x, 2x; \u00een loc de 2x poate fi 3x, 4x, 5x, 6x<\/td>\n<\/tr>\n<tr>\n<td align=\"left\" valign=\"middle\"><span class=\"product-attributes-text\">Benzi automate:<\/span><\/td>\n<td align=\"right\" valign=\"middle\">Primele 4 din dreapta<\/td>\n<\/tr>\n<tr>\n<td align=\"left\" valign=\"middle\"><span class=\"product-attributes-text\">Dimensiune amprent\u0103:<\/span><\/td>\n<td align=\"right\" valign=\"middle\">50 x 30 mm<\/td>\n<\/tr>\n<tr>\n<td align=\"left\" valign=\"middle\"><span class=\"product-attributes-text\">Benzi \u0219i corp:<\/span><\/td>\n<td align=\"right\" valign=\"middle\">Zinc turnat<\/td>\n<\/tr>\n<tr>\n<td align=\"left\" valign=\"middle\"><span class=\"product-attributes-text\">Num\u0103r benzi:<\/span><\/td>\n<td align=\"right\" valign=\"middle\">5, 6, f\u0103r\u0103 zero-uri care se pot anula<\/td>\n<\/tr>\n<tr>\n<td align=\"left\" valign=\"middle\"><span class=\"product-attributes-text\">\u00cen\u0103l\u021bimea caracterului:<\/span><\/td>\n<td align=\"right\" valign=\"middle\">4 mm<\/td>\n<\/tr>\n<tr>\n<td align=\"left\" valign=\"middle\"><span class=\"product-attributes-text\">Format dat\u0103:<\/span><\/td>\n<td align=\"right\" valign=\"middle\">ARAB, YY<\/td>\n<\/tr>\n<tr>\n<td align=\"left\" valign=\"middle\"><span class=\"product-attributes-text\">Font:<\/span><\/td>\n<td align=\"right\" valign=\"middle\">Antiqua (cifre), Block(cifre, dat\u0103)<\/td>\n<\/tr>\n<tr>\n<td align=\"left\" valign=\"middle\"><span class=\"product-attributes-text\">Greutate:<\/span><\/td>\n<td align=\"right\" valign=\"middle\">Aprox. 630 g<\/td>\n<\/tr>\n<tr>\n<td align=\"left\" valign=\"middle\"><\/td>\n<td align=\"right\" valign=\"middle\"><\/td>\n<\/tr>\n<\/tbody>\n<\/table>\n<p><img fetchpriority=\"high\" decoding=\"async\" class=\"alignnone size-medium wp-image-22836\" src=\"https:\/\/online.colop.ro\/wp-content\/uploads\/2021\/11\/DN53a72dpi16767-desc-300x180.jpg\" alt=\"\" width=\"300\" height=\"180\" srcset=\"https:\/\/newonline.colop.ro\/wp-content\/uploads\/2021\/11\/DN53a72dpi16767-desc-300x180.jpg 300w, https:\/\/newonline.colop.ro\/wp-content\/uploads\/2021\/11\/DN53a72dpi16767-desc.jpg 591w\" sizes=\"(max-width: 300px) 100vw, 300px\" \/><\/p>\n<p><img decoding=\"async\" class=\"alignnone size-medium wp-image-22838\" src=\"https:\/\/online.colop.ro\/wp-content\/uploads\/2021\/11\/DN53a72dpi16741-desc-300x180.jpg\" alt=\"\" width=\"300\" height=\"180\" srcset=\"https:\/\/newonline.colop.ro\/wp-content\/uploads\/2021\/11\/DN53a72dpi16741-desc-300x180.jpg 300w, https:\/\/newonline.colop.ro\/wp-content\/uploads\/2021\/11\/DN53a72dpi16741-desc.jpg 591w\" sizes=\"(max-width: 300px) 100vw, 300px\" \/><\/p>\n<p><img decoding=\"async\" class=\"alignnone size-medium wp-image-22840\" src=\"https:\/\/online.colop.ro\/wp-content\/uploads\/2021\/11\/DN53a72dpi16743-desc-300x180.jpg\" alt=\"\" width=\"300\" height=\"180\" srcset=\"https:\/\/newonline.colop.ro\/wp-content\/uploads\/2021\/11\/DN53a72dpi16743-desc-300x180.jpg 300w, https:\/\/newonline.colop.ro\/wp-content\/uploads\/2021\/11\/DN53a72dpi16743-desc.jpg 591w\" sizes=\"(max-width: 300px) 100vw, 300px\" \/><\/p>\n<p>&nbsp;<\/p>\n<p>&nbsp;<\/p>\n","protected":false},"featured_media":36840,"template":"","meta":[],"product_cat":[326,104,239],"product_tag":[],"_links":{"self":[{"href":"https:\/\/newonline.colop.ro\/index.php?rest_route=\/wp\/v2\/product\/36817"}],"collection":[{"href":"https:\/\/newonline.colop.ro\/index.php?rest_route=\/wp\/v2\/product"}],"about":[{"href":"https:\/\/newonline.colop.ro\/index.php?rest_route=\/wp\/v2\/types\/product"}],"version-history":[{"count":1,"href":"https:\/\/newonline.colop.ro\/index.php?rest_route=\/wp\/v2\/product\/36817\/revisions"}],"predecessor-version":[{"id":40051,"href":"https:\/\/newonline.colop.ro\/index.php?rest_route=\/wp\/v2\/product\/36817\/revisions\/40051"}],"wp:featuredmedia":[{"embeddable":true,"href":"https:\/\/newonline.colop.ro\/index.php?rest_route=\/wp\/v2\/media\/36840"}],"wp:attachment":[{"href":"https:\/\/newonline.colop.ro\/index.php?rest_route=%2Fwp%2Fv2%2Fmedia&parent=36817"}],"wp:term":[{"taxonomy":"product_cat","embeddable":true,"href":"https:\/\/newonline.colop.ro\/index.php?rest_route=%2Fwp%2Fv2%2Fproduct_cat&post=36817"},{"taxonomy":"product_tag","embeddable":true,"href":"https:\/\/newonline.colop.ro\/index.php?rest_route=%2Fwp%2Fv2%2Fproduct_tag&post=36817"}],"curies":[{"name":"wp","href":"https:\/\/api.w.org\/{rel}","templated":true}]}}