{"id":36795,"date":"2024-05-09T21:51:49","date_gmt":"2024-05-09T19:51:49","guid":{"rendered":"https:\/\/online.colop.ro\/web2023\/?post_type=product&#038;p=36795"},"modified":"2025-07-31T22:21:17","modified_gmt":"2025-07-31T20:21:17","slug":"inseriator-automat-reiner-b6k-8-cifre","status":"publish","type":"product","link":"https:\/\/newonline.colop.ro\/?product=inseriator-automat-reiner-b6k-8-cifre","title":{"rendered":"\u00censeriator automat REINER B6K 8 cifre"},"content":{"rendered":"<p>\u00censeriatorul automat B6K \u0219i-a dovedit utilitatea \u00een activitatea de birou de zi cu zi. \u00cen ciuda greut\u0103\u021bii sale mici, acest \u00eenseriator dispune de tehnologie precis\u0103 pentru cea mai bun\u0103 amprentare secven\u021bial\u0103.<\/p>\n<p>Partea exterioar\u0103 \u0219i benzile nu sunt realizate din plastic, ci din zinc turnat de cea mai bun\u0103 calitate. Acest lucru face ca \u00eenseriatorul automat B6K s\u0103 fie foarte solid \u0219i durabil. Toate piesele sunt produse \u0219i asamblate \u00een Germania &#8211; pentru cea mai bun\u0103 calitate, valoare \u0219i durabilitate.<\/p>\n","protected":false},"excerpt":{"rendered":"<table class=\"product-atributes-table\" border=\"0\" width=\"100%\">\n<tbody>\n<tr>\n<td align=\"left\" valign=\"middle\"><\/td>\n<td align=\"right\" valign=\"middle\"><\/td>\n<\/tr>\n<tr>\n<td colspan=\"2\"><strong>Informa\u021bii produs<\/strong><\/td>\n<\/tr>\n<tr>\n<td align=\"left\" valign=\"middle\">Amprent\u0103:<\/td>\n<td align=\"right\" valign=\"middle\">Cifre<\/td>\n<\/tr>\n<tr>\n<td align=\"left\" valign=\"middle\"><span class=\"product-attributes-text\">Ac\u021biune automat\u0103:<\/span><\/td>\n<td align=\"right\" valign=\"middle\">0x, 1\u20133x, 6x,<\/td>\n<\/tr>\n<tr>\n<td align=\"left\" valign=\"middle\"><span class=\"product-attributes-text\">Benzi \u0219i corp:<\/span><\/td>\n<td align=\"right\" valign=\"middle\">Turnate<\/td>\n<\/tr>\n<tr>\n<td align=\"left\" valign=\"middle\"><span class=\"product-attributes-text\">Num\u0103r benzi:<\/span><\/td>\n<td align=\"right\" valign=\"middle\">8, con\u021bin sau nu cifra 0<\/td>\n<\/tr>\n<tr>\n<td align=\"left\" valign=\"middle\"><span class=\"product-attributes-text\">\u00cen\u0103l\u021bimea caracterului:<\/span><\/td>\n<td align=\"right\" valign=\"middle\">4.5 mm\/5.5 mm<\/td>\n<\/tr>\n<tr>\n<td align=\"left\" valign=\"middle\"><span class=\"product-attributes-text\">Font:<\/span><\/td>\n<td align=\"right\" valign=\"middle\">Antiqua\/Block<\/td>\n<\/tr>\n<tr>\n<td align=\"left\" valign=\"middle\"><span class=\"product-attributes-text\">Greutate:<\/span><\/td>\n<td align=\"right\" valign=\"middle\">Aprox. 260 g<\/td>\n<\/tr>\n<tr>\n<td align=\"left\" valign=\"middle\"><\/td>\n<td align=\"right\" valign=\"middle\"><\/td>\n<\/tr>\n<\/tbody>\n<\/table>\n<p>&nbsp;<\/p>\n<p><img decoding=\"async\" class=\"alignnone size-full wp-image-22917\" src=\"https:\/\/online.colop.ro\/wp-content\/uploads\/2021\/11\/B6-8c.png\" alt=\"\" width=\"117\" height=\"28\" \/><\/p>\n<p>&nbsp;<\/p>\n<p><strong><a class=\"single_add_to_cart_button button alt\" href=\"https:\/\/online.colop.ro\/produse\/numaratoare-automate-reiner\/reiner8.html\" target=\"_blank\" rel=\"noopener noreferrer\">Cump\u0103r\u0103 online<\/a><\/strong><\/p>\n","protected":false},"featured_media":36838,"template":"","meta":[],"product_cat":[104,239],"product_tag":[],"_links":{"self":[{"href":"https:\/\/newonline.colop.ro\/index.php?rest_route=\/wp\/v2\/product\/36795"}],"collection":[{"href":"https:\/\/newonline.colop.ro\/index.php?rest_route=\/wp\/v2\/product"}],"about":[{"href":"https:\/\/newonline.colop.ro\/index.php?rest_route=\/wp\/v2\/types\/product"}],"version-history":[{"count":1,"href":"https:\/\/newonline.colop.ro\/index.php?rest_route=\/wp\/v2\/product\/36795\/revisions"}],"predecessor-version":[{"id":40132,"href":"https:\/\/newonline.colop.ro\/index.php?rest_route=\/wp\/v2\/product\/36795\/revisions\/40132"}],"wp:featuredmedia":[{"embeddable":true,"href":"https:\/\/newonline.colop.ro\/index.php?rest_route=\/wp\/v2\/media\/36838"}],"wp:attachment":[{"href":"https:\/\/newonline.colop.ro\/index.php?rest_route=%2Fwp%2Fv2%2Fmedia&parent=36795"}],"wp:term":[{"taxonomy":"product_cat","embeddable":true,"href":"https:\/\/newonline.colop.ro\/index.php?rest_route=%2Fwp%2Fv2%2Fproduct_cat&post=36795"},{"taxonomy":"product_tag","embeddable":true,"href":"https:\/\/newonline.colop.ro\/index.php?rest_route=%2Fwp%2Fv2%2Fproduct_tag&post=36795"}],"curies":[{"name":"wp","href":"https:\/\/api.w.org\/{rel}","templated":true}]}}