{"id":36793,"date":"2024-05-09T21:51:48","date_gmt":"2024-05-09T19:51:48","guid":{"rendered":"https:\/\/online.colop.ro\/web2023\/?post_type=product&#038;p=36793"},"modified":"2025-07-31T22:21:15","modified_gmt":"2025-07-31T20:21:15","slug":"inseriator-automat-reiner-b6-8-cifre","status":"publish","type":"product","link":"https:\/\/newonline.colop.ro\/?product=inseriator-automat-reiner-b6-8-cifre","title":{"rendered":"\u00censeriator automat REINER B6 8 cifre"},"content":{"rendered":"<p>\u00censeriatorul automat B6 este esen\u021bial \u00een orice birou. Aceast\u0103 \u0219tampil\u0103 robust\u0103 num\u0103r\u0103 automat \u0219i amprenteaz\u0103 numere secven\u021biale pe facturi \u0219i documente, benzile fiind din aliaj cu mai multe op\u021biuni pentru fonturi.<\/p>\n<p>Partea exterioar\u0103 este confec\u021bionat\u0103 de asemenea din zinc turnat de cea mai bun\u0103 calitate. Din moment ce toate piesele \u00eenseriatorului automat B6 de la REINER sunt produse \u0219i asamblate \u00een Germania, utilizatorii pot fi siguri de calitatea, valoarea \u0219i durabilitatea \u0219tampilei.<\/p>\n","protected":false},"excerpt":{"rendered":"<table class=\"product-atributes-table\" border=\"0\" width=\"100%\">\n<tbody>\n<tr>\n<td align=\"left\" valign=\"middle\"><\/td>\n<td align=\"right\" valign=\"middle\"><\/td>\n<\/tr>\n<tr>\n<td colspan=\"2\"><strong>Informa\u021bii produs<\/strong><\/td>\n<\/tr>\n<tr>\n<td align=\"left\" valign=\"middle\">Amprent\u0103:<\/td>\n<td align=\"right\" valign=\"middle\">Cifre<\/td>\n<\/tr>\n<tr>\n<td align=\"left\" valign=\"middle\"><span class=\"product-attributes-text\">Ac\u021biune automat\u0103:<\/span><\/td>\n<td align=\"right\" valign=\"middle\">0x, 1\u20133x, 6x<\/td>\n<\/tr>\n<tr>\n<td align=\"left\" valign=\"middle\"><span class=\"product-attributes-text\">Benzi \u0219i corp:<\/span><\/td>\n<td align=\"right\" valign=\"middle\">Turnate<\/td>\n<\/tr>\n<tr>\n<td align=\"left\" valign=\"middle\"><span class=\"product-attributes-text\">Num\u0103r benzi:<\/span><\/td>\n<td align=\"right\" valign=\"middle\">8, con\u021bin sau nu cifra 0<\/td>\n<\/tr>\n<tr>\n<td align=\"left\" valign=\"middle\"><span class=\"product-attributes-text\">\u00cen\u0103l\u021bimea caracterului:<\/span><\/td>\n<td align=\"right\" valign=\"middle\">5.5 mm<\/td>\n<\/tr>\n<tr>\n<td align=\"left\" valign=\"middle\"><span class=\"product-attributes-text\">Font:<\/span><\/td>\n<td align=\"right\" valign=\"middle\">Block<\/td>\n<\/tr>\n<tr>\n<td align=\"left\" valign=\"middle\"><span class=\"product-attributes-text\">Greutate:<\/span><\/td>\n<td align=\"right\" valign=\"middle\">Aprox. 360 g<\/td>\n<\/tr>\n<tr>\n<td align=\"left\" valign=\"middle\"><\/td>\n<td align=\"right\" valign=\"middle\"><\/td>\n<\/tr>\n<\/tbody>\n<\/table>\n<p>&nbsp;<\/p>\n<p><img decoding=\"async\" class=\"alignnone size-full wp-image-22917\" src=\"https:\/\/online.colop.ro\/wp-content\/uploads\/2021\/11\/B6-8c.png\" alt=\"\" width=\"117\" height=\"28\" \/><\/p>\n<p>&nbsp;<\/p>\n<p><strong><a class=\"single_add_to_cart_button button alt\" href=\"https:\/\/online.colop.ro\/produse\/numaratoare-automate-reiner\/reiner-bs8.html\" target=\"_blank\" rel=\"noopener noreferrer\">Cump\u0103r\u0103 online<\/a><\/strong><\/p>\n","protected":false},"featured_media":36836,"template":"","meta":[],"product_cat":[104,239],"product_tag":[],"_links":{"self":[{"href":"https:\/\/newonline.colop.ro\/index.php?rest_route=\/wp\/v2\/product\/36793"}],"collection":[{"href":"https:\/\/newonline.colop.ro\/index.php?rest_route=\/wp\/v2\/product"}],"about":[{"href":"https:\/\/newonline.colop.ro\/index.php?rest_route=\/wp\/v2\/types\/product"}],"version-history":[{"count":1,"href":"https:\/\/newonline.colop.ro\/index.php?rest_route=\/wp\/v2\/product\/36793\/revisions"}],"predecessor-version":[{"id":40129,"href":"https:\/\/newonline.colop.ro\/index.php?rest_route=\/wp\/v2\/product\/36793\/revisions\/40129"}],"wp:featuredmedia":[{"embeddable":true,"href":"https:\/\/newonline.colop.ro\/index.php?rest_route=\/wp\/v2\/media\/36836"}],"wp:attachment":[{"href":"https:\/\/newonline.colop.ro\/index.php?rest_route=%2Fwp%2Fv2%2Fmedia&parent=36793"}],"wp:term":[{"taxonomy":"product_cat","embeddable":true,"href":"https:\/\/newonline.colop.ro\/index.php?rest_route=%2Fwp%2Fv2%2Fproduct_cat&post=36793"},{"taxonomy":"product_tag","embeddable":true,"href":"https:\/\/newonline.colop.ro\/index.php?rest_route=%2Fwp%2Fv2%2Fproduct_tag&post=36793"}],"curies":[{"name":"wp","href":"https:\/\/api.w.org\/{rel}","templated":true}]}}