{"id":35709,"date":"2024-05-09T19:07:10","date_gmt":"2024-05-09T17:07:10","guid":{"rendered":"https:\/\/online.colop.ro\/web2023\/?post_type=product&#038;p=35709"},"modified":"2025-08-20T14:33:52","modified_gmt":"2025-08-20T12:33:52","slug":"stampila-vintage-thank-you","status":"publish","type":"product","link":"https:\/\/newonline.colop.ro\/?product=stampila-vintage-thank-you","title":{"rendered":"\u0218tampil\u0103 Vintage &#8211; Thank You"},"content":{"rendered":"<p>Combina\u021bia perfect\u0103 \u00eentre vechi \u0219i nou &#8211; \u0218tampilele Vintage au o not\u0103 nostalgic\u0103.<\/p>\n<p>Toate \u0219tampilele sunt procesate manual \u00een mod individual, pentru a c\u0103p\u0103ta aspectul vintage.<\/p>\n","protected":false},"excerpt":{"rendered":"<p>&nbsp;<\/p>\n<table class=\"product-atributes-table\" border=\"0\" width=\"100%\">\n<tbody>\n<tr>\n<td colspan=\"2\"><strong>Informa\u021bii produs<\/strong><\/td>\n<\/tr>\n<tr>\n<td align=\"left\" valign=\"middle\">Dimensiune amprent\u0103:<\/td>\n<td align=\"right\" valign=\"middle\">42 x 70 mm<\/td>\n<\/tr>\n<\/tbody>\n<\/table>\n","protected":false},"featured_media":35730,"template":"","meta":[],"product_cat":[432],"product_tag":[],"_links":{"self":[{"href":"https:\/\/newonline.colop.ro\/index.php?rest_route=\/wp\/v2\/product\/35709"}],"collection":[{"href":"https:\/\/newonline.colop.ro\/index.php?rest_route=\/wp\/v2\/product"}],"about":[{"href":"https:\/\/newonline.colop.ro\/index.php?rest_route=\/wp\/v2\/types\/product"}],"version-history":[{"count":1,"href":"https:\/\/newonline.colop.ro\/index.php?rest_route=\/wp\/v2\/product\/35709\/revisions"}],"predecessor-version":[{"id":40521,"href":"https:\/\/newonline.colop.ro\/index.php?rest_route=\/wp\/v2\/product\/35709\/revisions\/40521"}],"wp:featuredmedia":[{"embeddable":true,"href":"https:\/\/newonline.colop.ro\/index.php?rest_route=\/wp\/v2\/media\/35730"}],"wp:attachment":[{"href":"https:\/\/newonline.colop.ro\/index.php?rest_route=%2Fwp%2Fv2%2Fmedia&parent=35709"}],"wp:term":[{"taxonomy":"product_cat","embeddable":true,"href":"https:\/\/newonline.colop.ro\/index.php?rest_route=%2Fwp%2Fv2%2Fproduct_cat&post=35709"},{"taxonomy":"product_tag","embeddable":true,"href":"https:\/\/newonline.colop.ro\/index.php?rest_route=%2Fwp%2Fv2%2Fproduct_tag&post=35709"}],"curies":[{"name":"wp","href":"https:\/\/api.w.org\/{rel}","templated":true}]}}