{"id":33570,"date":"2024-05-09T18:54:20","date_gmt":"2024-05-09T16:54:20","guid":{"rendered":"https:\/\/online.colop.ro\/web2023\/?post_type=product&#038;p=33570"},"modified":"2025-07-31T22:21:38","modified_gmt":"2025-07-31T20:21:38","slug":"tusiera-e-r-45-dater-2","status":"publish","type":"product","link":"https:\/\/newonline.colop.ro\/?product=tusiera-e-r-45-dater-2","title":{"rendered":"Tu\u0219ier\u0103 E\/R 45 Dater\/2"},"content":{"rendered":"<p>Tu\u0219ier\u0103 de rezerv\u0103 bicolor\u0103 realizat\u0103 prin tu\u015fare controlat\u0103 electronic. Materialul microporos este acoperit de un strat special ce garanteaz\u0103 omogenitatea \u015fi calitatea amprent\u0103rii.<\/p>\n<p>&nbsp;<\/p>\n<p>Tu\u0219ier\u0103 de rezerv\u0103 pentru COLOP Printer R 45 Dater, 2045 6 \u0219i R 2045 UZ &#8211; 24 H<\/p>\n","protected":false},"excerpt":{"rendered":"<p>Tu\u0219ier\u0103 de rezerv\u0103 bicolor\u0103 realizat\u0103 prin tu\u015fare controlat\u0103 electronic. Materialul microporos este acoperit de un strat special ce garanteaz\u0103 omogenitatea \u015fi calitatea amprent\u0103rii. &nbsp; Tu\u0219ier\u0103 de rezerv\u0103 pentru COLOP Printer R 45 Dater, 2045 6 \u0219i R 2045 UZ &#8211; 24 H<\/p>\n","protected":false},"featured_media":33899,"template":"","meta":[],"product_cat":[323,97],"product_tag":[],"_links":{"self":[{"href":"https:\/\/newonline.colop.ro\/index.php?rest_route=\/wp\/v2\/product\/33570"}],"collection":[{"href":"https:\/\/newonline.colop.ro\/index.php?rest_route=\/wp\/v2\/product"}],"about":[{"href":"https:\/\/newonline.colop.ro\/index.php?rest_route=\/wp\/v2\/types\/product"}],"version-history":[{"count":0,"href":"https:\/\/newonline.colop.ro\/index.php?rest_route=\/wp\/v2\/product\/33570\/revisions"}],"wp:featuredmedia":[{"embeddable":true,"href":"https:\/\/newonline.colop.ro\/index.php?rest_route=\/wp\/v2\/media\/33899"}],"wp:attachment":[{"href":"https:\/\/newonline.colop.ro\/index.php?rest_route=%2Fwp%2Fv2%2Fmedia&parent=33570"}],"wp:term":[{"taxonomy":"product_cat","embeddable":true,"href":"https:\/\/newonline.colop.ro\/index.php?rest_route=%2Fwp%2Fv2%2Fproduct_cat&post=33570"},{"taxonomy":"product_tag","embeddable":true,"href":"https:\/\/newonline.colop.ro\/index.php?rest_route=%2Fwp%2Fv2%2Fproduct_tag&post=33570"}],"curies":[{"name":"wp","href":"https:\/\/api.w.org\/{rel}","templated":true}]}}