{"id":33297,"date":"2024-05-09T18:52:58","date_gmt":"2024-05-09T16:52:58","guid":{"rendered":"https:\/\/online.colop.ro\/web2023\/?post_type=product&#038;p=33297"},"modified":"2025-08-20T14:34:28","modified_gmt":"2025-08-20T12:34:28","slug":"mini-cifriera-s-126","status":"publish","type":"product","link":"https:\/\/newonline.colop.ro\/?product=mini-cifriera-s-126","title":{"rendered":"Mini Cifrier\u0103 S126"},"content":{"rendered":"<div class=\"\">\n<div class=\"description\">\n<div class=\"\">\n<div class=\"description\">\n<div class=\"\">\n<div class=\"description\">\n<div class=\"\">\n<div class=\"description\">\n<div class=\"\">\n<div class=\"description\">\n<div class=\"\">\n<div class=\"description\">\n<div class=\"\">\n<div class=\"description\">\n<div class=\"\">\n<div class=\"description\">\n<div class=\"\">\n<div class=\"description\">\n<div class=\"\">\n<div class=\"description\">\n<div class=\"\">\n<div class=\"description\">\n<p><strong data-start=\"117\" data-end=\"145\">Mini Cifriera COLOP S126<\/strong> este o \u0219tampil\u0103 autotu\u015fant\u0103 compact\u0103 \u0219i u\u0219or de folosit, ideal\u0103 pentru numerotarea simpl\u0103 \u0219i eficient\u0103 a documentelor. Dispune de <strong data-start=\"276\" data-end=\"296\">6 benzi<\/strong>, fiecare cu cifre de la <strong data-start=\"321\" data-end=\"331\">0 la 9<\/strong>, cu<strong> \u00een\u0103l\u021bimea de 4 mm, <\/strong>ce permit generarea rapid\u0103 a diferitelor combina\u021bii numerice.<\/p>\n<p>Modificarea cifrelor se face <strong data-start=\"431\" data-end=\"441\">manual<\/strong>, \u00een pozi\u021bia comprimat\u0103, prin rotirea u\u0219oar\u0103 a <strong data-start=\"488\" data-end=\"512\">roti\u021belor de plastic<\/strong> special concepute pentru acest lucru.<\/p>\n<p>Datorit\u0103 designului ergonomic \u0219i dimensiunilor mici, <strong>mini cifriera COLOP S126<\/strong> se potrive\u0219te de minune \u00een orice birou sau mediu \u00een care numerotarea documentelor e parte din rutina zilnic\u0103 \u2013 fie c\u0103 e vorba de arhive, formulare sau eviden\u021be interne.<\/p>\n<\/div>\n<h3 class=\"\" data-start=\"169\" data-end=\"222\"><strong data-start=\"176\" data-end=\"222\">Recomand\u0103ri de utilizare pentru mini cifriera COLOP S126<\/strong><\/h3>\n<ul>\n<li data-start=\"334\" data-end=\"456\"><strong data-start=\"337\" data-end=\"365\">Numerotarea documentelor<\/strong> \u2013 ideal\u0103 pentru fi\u0219e, dosare, formulare sau orice documente care trebuie \u021binute \u00een ordine.<\/li>\n<li data-start=\"334\" data-end=\"456\"><strong data-start=\"462\" data-end=\"474\">Arhivare<\/strong> \u2013 te ajut\u0103 s\u0103 identifici rapid documentele dup\u0103 coduri sau serii.<\/li>\n<li data-start=\"543\" data-end=\"649\"><strong data-start=\"546\" data-end=\"558\">La birou<\/strong> \u2013 perfect\u0103 pentru task-uri repetitive, eviden\u021be, bonuri sau orice ai de organizat numeric.<\/li>\n<li data-start=\"652\" data-end=\"739\"><strong data-start=\"655\" data-end=\"680\">Depozite \u0219i logistic\u0103<\/strong> \u2013 u\u0219or de folosit pentru coduri de lot, serii sau comenzi.<\/li>\n<\/ul>\n<\/div>\n<\/div>\n<\/div>\n<\/div>\n<\/div>\n<\/div>\n<\/div>\n<\/div>\n<\/div>\n<\/div>\n<\/div>\n<\/div>\n<\/div>\n<\/div>\n<\/div>\n<\/div>\n<\/div>\n<\/div>\n<\/div>\n<\/div>\n<\/div>\n","protected":false},"excerpt":{"rendered":"<table class=\"product-atributes-table\" border=\"0\" width=\"100%\">\n<tbody>\n<tr>\n<td align=\"left\" valign=\"middle\"><\/td>\n<td align=\"right\" valign=\"middle\"><\/td>\n<\/tr>\n<tr>\n<td colspan=\"2\"><strong>Informa\u021bii produs<\/strong><\/td>\n<\/tr>\n<tr>\n<td align=\"left\" valign=\"middle\"><span class=\"product-attributes-text\">\u00cen\u0103l\u021bime caracter:<\/span><\/td>\n<td align=\"right\" valign=\"middle\">4 mm<\/td>\n<\/tr>\n<tr>\n<td align=\"left\" valign=\"middle\"><span class=\"product-attributes-text\">Tu\u0219ier\u0103:<\/span><\/td>\n<td align=\"right\" valign=\"middle\">E\/10<\/td>\n<\/tr>\n<tr>\n<td align=\"left\" valign=\"middle\"><\/td>\n<td align=\"right\" valign=\"middle\"><\/td>\n<\/tr>\n<\/tbody>\n<\/table>\n<p>&nbsp;<\/p>\n<p><img decoding=\"async\" class=\"alignnone size-full wp-image-17099\" src=\"https:\/\/online.colop.ro\/wp-content\/uploads\/2020\/09\/imprints_printer_s126.jpg\" alt=\"\" width=\"93\" height=\"26\" \/><\/p>\n<p>&nbsp;<\/p>\n<p><a class=\"single_add_to_cart_button button alt\" href=\"https:\/\/online.colop.ro\/produse\/stampile-gata-de-utilizare\/numaratoare\/s-126-numberer.html\" target=\"_blank\" rel=\"noopener noreferrer\"><strong>Cump\u0103r\u0103 online<\/strong><\/a><\/p>\n","protected":false},"featured_media":35392,"template":"","meta":[],"product_cat":[251,81],"product_tag":[],"_links":{"self":[{"href":"https:\/\/newonline.colop.ro\/index.php?rest_route=\/wp\/v2\/product\/33297"}],"collection":[{"href":"https:\/\/newonline.colop.ro\/index.php?rest_route=\/wp\/v2\/product"}],"about":[{"href":"https:\/\/newonline.colop.ro\/index.php?rest_route=\/wp\/v2\/types\/product"}],"version-history":[{"count":4,"href":"https:\/\/newonline.colop.ro\/index.php?rest_route=\/wp\/v2\/product\/33297\/revisions"}],"predecessor-version":[{"id":40346,"href":"https:\/\/newonline.colop.ro\/index.php?rest_route=\/wp\/v2\/product\/33297\/revisions\/40346"}],"wp:featuredmedia":[{"embeddable":true,"href":"https:\/\/newonline.colop.ro\/index.php?rest_route=\/wp\/v2\/media\/35392"}],"wp:attachment":[{"href":"https:\/\/newonline.colop.ro\/index.php?rest_route=%2Fwp%2Fv2%2Fmedia&parent=33297"}],"wp:term":[{"taxonomy":"product_cat","embeddable":true,"href":"https:\/\/newonline.colop.ro\/index.php?rest_route=%2Fwp%2Fv2%2Fproduct_cat&post=33297"},{"taxonomy":"product_tag","embeddable":true,"href":"https:\/\/newonline.colop.ro\/index.php?rest_route=%2Fwp%2Fv2%2Fproduct_tag&post=33297"}],"curies":[{"name":"wp","href":"https:\/\/api.w.org\/{rel}","templated":true}]}}